{"id":4550,"date":"2023-01-24T14:10:21","date_gmt":"2023-01-24T14:10:21","guid":{"rendered":"https:\/\/ulopolis.pwr.edu.pl\/?page_id=4550"},"modified":"2025-04-25T13:02:22","modified_gmt":"2025-04-25T13:02:22","slug":"puzzle-kamera-obudowana-plastrem","status":"publish","type":"page","link":"https:\/\/ulopolis.pwr.edu.pl\/index.php\/puzzle-kamera-obudowana-plastrem\/","title":{"rendered":"Kamera obudowana plastrem"},"content":{"rendered":"\t\t<div data-elementor-type=\"wp-page\" data-elementor-id=\"4550\" class=\"elementor elementor-4550\" data-elementor-post-type=\"page\">\n\t\t\t\t\t\t<section class=\"elementor-section elementor-top-section elementor-element elementor-element-1c54289 elementor-section-full_width elementor-section-height-default elementor-section-height-default\" data-id=\"1c54289\" data-element_type=\"section\" data-e-type=\"section\">\n\t\t\t\t\t\t<div class=\"elementor-container elementor-column-gap-default\">\n\t\t\t\t\t<div class=\"elementor-column elementor-col-100 elementor-top-column elementor-element elementor-element-b81be2c\" data-id=\"b81be2c\" data-element_type=\"column\" data-e-type=\"column\">\n\t\t\t<div class=\"elementor-widget-wrap elementor-element-populated\">\n\t\t\t\t\t\t<section class=\"elementor-section elementor-inner-section elementor-element elementor-element-aa79e41 elementor-section-full_width elementor-section-height-default elementor-section-height-default\" data-id=\"aa79e41\" data-element_type=\"section\" data-e-type=\"section\">\n\t\t\t\t\t\t<div class=\"elementor-container elementor-column-gap-default\">\n\t\t\t\t\t<div class=\"elementor-column elementor-col-33 elementor-inner-column elementor-element elementor-element-858a8ba\" data-id=\"858a8ba\" data-element_type=\"column\" data-e-type=\"column\">\n\t\t\t<div class=\"elementor-widget-wrap elementor-element-populated\">\n\t\t\t\t\t\t<div class=\"elementor-element elementor-element-6310549 elementor-widget-divider--view-line elementor-widget elementor-widget-divider\" data-id=\"6310549\" data-element_type=\"widget\" data-e-type=\"widget\" data-widget_type=\"divider.default\">\n\t\t\t\t<div class=\"elementor-widget-container\">\n\t\t\t\t\t\t\t<div class=\"elementor-divider\">\n\t\t\t<span class=\"elementor-divider-separator\">\n\t\t\t\t\t\t<\/span>\n\t\t<\/div>\n\t\t\t\t\t\t<\/div>\n\t\t\t\t<\/div>\n\t\t\t\t\t<\/div>\n\t\t<\/div>\n\t\t\t\t<div class=\"elementor-column elementor-col-33 elementor-inner-column elementor-element elementor-element-debf247\" data-id=\"debf247\" data-element_type=\"column\" data-e-type=\"column\">\n\t\t\t<div class=\"elementor-widget-wrap elementor-element-populated\">\n\t\t\t\t\t\t<div class=\"elementor-element elementor-element-b8acac0 elementor-widget elementor-widget-heading\" data-id=\"b8acac0\" data-element_type=\"widget\" data-e-type=\"widget\" data-widget_type=\"heading.default\">\n\t\t\t\t<div class=\"elementor-widget-container\">\n\t\t\t\t\t<h2 class=\"elementor-heading-title elementor-size-default\">Kamera obudowana plastrem miodu<\/h2>\t\t\t\t<\/div>\n\t\t\t\t<\/div>\n\t\t\t\t\t<\/div>\n\t\t<\/div>\n\t\t\t\t<div class=\"elementor-column elementor-col-33 elementor-inner-column elementor-element elementor-element-b61b33a\" data-id=\"b61b33a\" data-element_type=\"column\" data-e-type=\"column\">\n\t\t\t<div class=\"elementor-widget-wrap elementor-element-populated\">\n\t\t\t\t\t\t<div class=\"elementor-element elementor-element-ae02834 elementor-widget-divider--view-line elementor-widget elementor-widget-divider\" data-id=\"ae02834\" data-element_type=\"widget\" data-e-type=\"widget\" data-widget_type=\"divider.default\">\n\t\t\t\t<div class=\"elementor-widget-container\">\n\t\t\t\t\t\t\t<div class=\"elementor-divider\">\n\t\t\t<span class=\"elementor-divider-separator\">\n\t\t\t\t\t\t<\/span>\n\t\t<\/div>\n\t\t\t\t\t\t<\/div>\n\t\t\t\t<\/div>\n\t\t\t\t\t<\/div>\n\t\t<\/div>\n\t\t\t\t\t<\/div>\n\t\t<\/section>\n\t\t\t\t\t<\/div>\n\t\t<\/div>\n\t\t\t\t\t<\/div>\n\t\t<\/section>\n\t\t<div class=\"elementor-element elementor-element-6be0a31 elementor-hidden-desktop e-flex e-con-boxed e-con e-parent\" data-id=\"6be0a31\" data-element_type=\"container\" data-e-type=\"container\">\n\t\t\t\t\t<div class=\"e-con-inner\">\n\t\t\t\t<div class=\"elementor-element elementor-element-8c624b9 elementor-widget__width-initial elementor-widget elementor-widget-image\" data-id=\"8c624b9\" data-element_type=\"widget\" data-e-type=\"widget\" data-widget_type=\"image.default\">\n\t\t\t\t<div class=\"elementor-widget-container\">\n\t\t\t\t\t\t\t\t\t\t\t\t<figure class=\"wp-caption\">\n\t\t\t\t\t\t\t\t\t\t<img fetchpriority=\"high\" decoding=\"async\" width=\"300\" height=\"300\" src=\"https:\/\/ulopolis.pwr.edu.pl\/wp-content\/uploads\/2023\/02\/kamera-obudowana-plastrem-300x300.jpg\" class=\"attachment-medium size-medium wp-image-4795\" alt=\"\" srcset=\"https:\/\/ulopolis.pwr.edu.pl\/wp-content\/uploads\/2023\/02\/kamera-obudowana-plastrem-300x300.jpg 300w, https:\/\/ulopolis.pwr.edu.pl\/wp-content\/uploads\/2023\/02\/kamera-obudowana-plastrem-1024x1024.jpg 1024w, https:\/\/ulopolis.pwr.edu.pl\/wp-content\/uploads\/2023\/02\/kamera-obudowana-plastrem-150x150.jpg 150w, https:\/\/ulopolis.pwr.edu.pl\/wp-content\/uploads\/2023\/02\/kamera-obudowana-plastrem-768x768.jpg 768w, https:\/\/ulopolis.pwr.edu.pl\/wp-content\/uploads\/2023\/02\/kamera-obudowana-plastrem-1536x1536.jpg 1536w, https:\/\/ulopolis.pwr.edu.pl\/wp-content\/uploads\/2023\/02\/kamera-obudowana-plastrem-2048x2048.jpg 2048w, https:\/\/ulopolis.pwr.edu.pl\/wp-content\/uploads\/2023\/02\/kamera-obudowana-plastrem-1200x1200.jpg 1200w, https:\/\/ulopolis.pwr.edu.pl\/wp-content\/uploads\/2023\/02\/kamera-obudowana-plastrem-1980x1980.jpg 1980w\" sizes=\"(max-width: 300px) 100vw, 300px\" \/>\t\t\t\t\t\t\t\t\t\t\t<figcaption class=\"widget-image-caption wp-caption-text\">U\u0142\u00f3\u017c powy\u017csze zdj\u0119cie z puzzli obok<\/figcaption>\n\t\t\t\t\t\t\t\t\t\t<\/figure>\n\t\t\t\t\t\t\t\t\t<\/div>\n\t\t\t\t<\/div>\n\t\t\t\t<div class=\"elementor-element elementor-element-d585c46 elementor-widget__width-initial elementor-widget elementor-widget-html\" data-id=\"d585c46\" data-element_type=\"widget\" data-e-type=\"widget\" data-widget_type=\"html.default\">\n\t\t\t\t<div class=\"elementor-widget-container\">\n\t\t\t\t\t<html>\n    <head>\n        <meta http-equiv=\"content-type\" content=\"text\/html; charset=utf-8\">\n        <link href=\"styles\/styles.css\" rel=\"stylesheet\">\n    <\/head>\n    <body>\n        <div class=\"u-flex\">\n            <div id=\"puzzle\" class=\"Puzzle\">\n                <img decoding=\"async\" src=\"https:\/\/ulopolis.pwr.edu.pl\/wp-content\/uploads\/2023\/02\/kamera-obudowana-plastrem.jpg\" alt=\"Puzzle result\" class=\"Puzzle-placeholder\">\n            <\/div>\n            <div class=\"UserStats\">\n                <dl>\n                    <div id=\"Final\" style=\"display: none;\">\n                        <h3 style=\"margin-top: 0px;\"> Gratulacje! Uda\u0142o Ci si\u0119 rozwi\u0105za\u0107 uk\u0142adank\u0119! <\/h3>\n                        <p> Oto ko\u0144cowe wyniki: <\/p>\n                    <\/div>\n                    <dt>Wynik:<\/dt>\n                    <dd id=\"score\">0<\/dd>\n                    <dt>Czas:<\/dt>\n                    <dd id=\"time\">0<\/dd>\n                    <dt>Kroki:<\/dt>\n                    <dd id=\"steps\">0<\/dd>\n                <\/dl>\n            <\/div>\n        <\/div>\n\n        <section class=\"FinalScreen\">\n            <h1>Gratulacje! Uda\u0142o Ci si\u0119 rozwi\u0105za\u0107 uk\u0142adank\u0119!<\/h1>\n            <dl>\n                <dt>Wynik ko\u0144cowy:<\/dt>\n                <dd><\/dd>\n                <dt>Czas rozwi\u0105zania:<\/dt>\n                <dd><\/dd>\n                <dt>Kroki:<\/dt>\n                <dd><\/dd>\n            <\/dl>\n            <div>\n                <div>\n                    <p>Zapisz sw\u00f3j wynik<\/p>\n                    <input type=\"text\" id=\"user-name\" placeholder=\"Imie\">\n                    <button onclick=\"puzzle.saveScore()\">Save<\/button>\n                <\/div>\n\n                <p>Zapisane wyniki:<\/p>\n                <div id=\"saved-scores\">\n\n                <\/div>\n            <\/div>\n        <\/section>\n\n        <script src=\"https:\/\/ulopolis.pwr.edu.pl\/wp-content\/uploads\/2022\/12\/app.js\"><\/script>\n        <script src=\"https:\/\/ulopolis.pwr.edu.pl\/wp-content\/uploads\/2022\/12\/ui-helper-1.js\"><\/script>\n    <\/body>\n<\/html>\t\t\t\t<\/div>\n\t\t\t\t<\/div>\n\t\t\t\t\t<\/div>\n\t\t\t\t<\/div>\n\t\t<div class=\"elementor-element elementor-element-1d1592f e-con-full elementor-hidden-tablet elementor-hidden-mobile e-flex e-con e-parent\" data-id=\"1d1592f\" data-element_type=\"container\" data-e-type=\"container\">\n\t\t\t\t<div class=\"elementor-element elementor-element-e553bde elementor-widget__width-initial e-transform elementor-widget elementor-widget-html\" data-id=\"e553bde\" data-element_type=\"widget\" data-e-type=\"widget\" data-settings=\"{&quot;_transform_scale_effect_mobile&quot;:{&quot;unit&quot;:&quot;px&quot;,&quot;size&quot;:0.3,&quot;sizes&quot;:[]},&quot;_transform_scale_effect&quot;:{&quot;unit&quot;:&quot;px&quot;,&quot;size&quot;:&quot;&quot;,&quot;sizes&quot;:[]},&quot;_transform_scale_effect_tablet&quot;:{&quot;unit&quot;:&quot;px&quot;,&quot;size&quot;:&quot;&quot;,&quot;sizes&quot;:[]}}\" data-widget_type=\"html.default\">\n\t\t\t\t<div class=\"elementor-widget-container\">\n\t\t\t\t\t<!DOCTYPE html>\n<html xmlns=\"http:\/\/www.w3.org\/1999\/xhtml\">\n<head>\n    <script src=\"https:\/\/ulopolis.pwr.edu.pl\/wp-content\/uploads\/2023\/03\/jquery-2.1.1.min_.js\"><\/script>\n    <script src=\"https:\/\/code.jquery.com\/ui\/1.12.1\/jquery-ui.js\">\n<\/script>\n    <script src=\"https:\/\/ulopolis.pwr.edu.pl\/wp-content\/uploads\/2023\/03\/image-puzzle.js\"><\/script>\n<\/head>\n<body>\n    <div id=\"collage\">\n        <hr \/>\n        <div id=\"playPanel\" style=\"padding:5px;display:none;\">\n\n            <div style=\"display:inline-block; margin:auto; width:100%; vertical-align:top;\">\n                <ul id=\"sortable\" class=\"sortable\"><\/ul>\n\t\t\t\t\n                <div id=\"actualImageBox\">\n                    <div id=\"stepBox\">\n                        <div>Kroki:<\/div><div class=\"stepCount\">0<\/div>\n                    <\/div>\n                    <img id=\"actualImage\"\/>\n                    <!-- <div>Re-arrange to create a picture like this.<\/div> -->\n                    <div>U\u0142\u00f3\u017c powy\u017cszy obrazek.<\/div>\n                    <p> Wybierz poziom trudno\u015bci: <\/p>\n                    <p id=\"levelPanel\">\n                        <input type=\"radio\" name=\"level\" id=\"hard\" checked=\"checked\" value=\"3\" \/> <label for=\"hard\">\u0141atwy<\/label>\n                        <input type=\"radio\" name=\"level\" id=\"hard\" checked=\"checked\" value=\"5\" \/> <label for=\"hard\">\u015aredni<\/label>\n                        <input type=\"radio\" name=\"level\" id=\"hard\" checked=\"checked\" value=\"8\" \/> <label for=\"hard\">Trudny<\/label>\n                    <\/p>\n\t\t\t\t\t<div style=\"display:inline-block; margin:auto; width:100%; vertical-align:top;\">\n\t\t\t\t\t<div>\n                <\/div>\n            <\/div>\n        <\/div>\n        <div id=\"gameOver\" style=\"display:none;\">\n\t\t\t<script>\n\t\t\t\tclearTimeout(t);\n\t\t\t<\/script>\n            <div style=\" padding: 5px 10px 20px 10px; text-align: center; margin: 0 90px;\">\n                <h2 style=\"text-align:center\">Game Over!!<\/h2>\n                Gratulacje!! <br \/> Uda\u0142o Ci si\u0119 rozwi\u0105za\u0107 uk\u0142adank\u0119\n                <br \/>\n                w <span class=\"stepCount\">0<\/span> krok\u00f3w.\n                <br \/><br \/>\n            <\/div>\n        <\/div>\n    <\/div>\n\t<div style=\" background: #000; color:#eee; padding:10px; text-align:center;\"><h1 id=\"timer\"><time>00:00:00<\/time><\/h1><\/div>\n\t<\/div>\n\t<\/div>\n\t\n\t        <script>\n            var images = [\n                { src: 'https:\/\/ulopolis.pwr.edu.pl\/wp-content\/uploads\/2023\/02\/kamera-obudowana-plastrem.jpg' },\n            ];\n\n            $(function () {\n                var gridSize = $('#levelPanel :radio:checked').val();\n                imagePuzzle.startGame(images, gridSize);\n                $('#newPhoto').click(function () {\n                    imagePuzzle.startGame(images, gridSize);\n                });\n\n                $('#levelPanel :radio').change(function (e) {\n                    var gridSize = $(this).val();\n                    imagePuzzle.startGame(images, gridSize);\n                });\n            });\n\t\t\t\n\t\t\tvar h1 = document.getElementById('timer'),\n    start = document.getElementById('start'),\n    stop = document.getElementById('stop'),\n    clear = document.getElementById('clear'),\n    seconds = 0, minutes = 0, hours = 0,\n    t;\n\nfunction add() {\n    seconds++;\n    if (seconds >= 60) {\n        seconds = 0;\n        minutes++;\n        if (minutes >= 60) {\n            minutes = 0;\n            hours++;\n        }\n    }\n\n    h1.textContent = (hours ? (hours > 9 ? hours : \"0\" + hours) : \"00\") + \":\" + (minutes ? (minutes > 9 ? minutes : \"0\" + minutes) : \"00\") + \":\" + (seconds > 9 ? seconds : \"0\" + seconds);\n\n    timer();\n}\nfunction timer() {\n    t = setTimeout(add, 1000);\n}\ntimer();\n\n\n\/* Stop button *\/\nstop.onclick = function() {\n\n}\n\n        <\/script>\n<\/body>\n<\/html>\t\t\t\t<\/div>\n\t\t\t\t<\/div>\n\t\t\t\t<\/div>\n\t\t\t\t<\/div>\n\t\t","protected":false},"excerpt":{"rendered":"<p>Kamera obudowana plastrem miodu U\u0142\u00f3\u017c powy\u017csze zdj\u0119cie z puzzli obok Gratulacje! Uda\u0142o Ci si\u0119 rozwi\u0105za\u0107 uk\u0142adank\u0119! Oto ko\u0144cowe wyniki: Wynik: 0 Czas: 0 Kroki: 0 Gratulacje! Uda\u0142o Ci si\u0119 rozwi\u0105za\u0107 uk\u0142adank\u0119! Wynik ko\u0144cowy: Czas rozwi\u0105zania: Kroki: Zapisz sw\u00f3j wynik Save Zapisane wyniki: Kroki:0 U\u0142\u00f3\u017c powy\u017cszy obrazek. Wybierz poziom trudno\u015bci: \u0141atwy \u015aredni Trudny Game Over!! Gratulacje!! [&hellip;]<\/p>\n<div class=\"pvc_clear\"><\/div>\n<p id=\"pvc_stats_4550\" class=\"pvc_stats all  \" data-element-id=\"4550\" style=\"\"><i class=\"pvc-stats-icon large\" aria-hidden=\"true\"><svg xmlns=\"http:\/\/www.w3.org\/2000\/svg\" version=\"1.0\" viewBox=\"0 0 502 315\" preserveAspectRatio=\"xMidYMid meet\"><g transform=\"translate(0,332) scale(0.1,-0.1)\" fill=\"\" stroke=\"none\"><path d=\"M2394 3279 l-29 -30 -3 -207 c-2 -182 0 -211 15 -242 39 -76 157 -76 196 0 15 31 17 60 15 243 l-3 209 -33 29 c-26 23 -41 29 -80 29 -41 0 -53 -5 -78 -31z\"\/><path d=\"M3085 3251 c-45 -19 -58 -50 -96 -229 -47 -217 -49 -260 -13 -295 52 -53 146 -42 177 20 16 31 87 366 87 410 0 70 -86 122 -155 94z\"\/><path d=\"M1751 3234 c-13 -9 -29 -31 -37 -50 -12 -29 -10 -49 21 -204 19 -94 39 -189 45 -210 14 -50 54 -80 110 -80 34 0 48 6 76 34 21 21 34 44 34 59 0 14 -18 113 -40 219 -37 178 -43 195 -70 221 -36 32 -101 37 -139 11z\"\/><path d=\"M1163 3073 c-36 -7 -73 -59 -73 -102 0 -56 133 -378 171 -413 34 -32 83 -37 129 -13 70 36 67 87 -16 290 -86 209 -89 214 -129 231 -35 14 -42 15 -82 7z\"\/><path d=\"M3689 3066 c-15 -9 -33 -30 -42 -48 -48 -103 -147 -355 -147 -375 0 -98 131 -148 192 -74 13 15 57 108 97 206 80 196 84 226 37 273 -30 30 -99 39 -137 18z\"\/><path d=\"M583 2784 c-38 -19 -67 -74 -58 -113 9 -42 211 -354 242 -373 16 -10 45 -18 66 -18 51 0 107 52 107 100 0 39 -1 41 -124 234 -80 126 -108 162 -133 173 -41 17 -61 16 -100 -3z\"\/><path d=\"M4250 2784 c-14 -9 -74 -91 -133 -183 -95 -150 -107 -173 -107 -213 0 -55 33 -94 87 -104 67 -13 90 8 211 198 130 202 137 225 78 284 -27 27 -42 34 -72 34 -22 0 -50 -8 -64 -16z\"\/><path d=\"M2275 2693 c-553 -48 -1095 -270 -1585 -649 -135 -104 -459 -423 -483 -476 -23 -49 -22 -139 2 -186 73 -142 361 -457 571 -626 285 -228 642 -407 990 -497 242 -63 336 -73 660 -74 310 0 370 5 595 52 535 111 1045 392 1455 803 122 121 250 273 275 326 19 41 19 137 0 174 -41 79 -309 363 -465 492 -447 370 -946 591 -1479 653 -113 14 -422 18 -536 8z m395 -428 c171 -34 330 -124 456 -258 112 -119 167 -219 211 -378 27 -96 24 -300 -5 -401 -72 -255 -236 -447 -474 -557 -132 -62 -201 -76 -368 -76 -167 0 -236 14 -368 76 -213 98 -373 271 -451 485 -162 444 86 934 547 1084 153 49 292 57 452 25z m909 -232 c222 -123 408 -262 593 -441 76 -74 138 -139 138 -144 0 -16 -233 -242 -330 -319 -155 -123 -309 -223 -461 -299 l-81 -41 32 46 c18 26 49 83 70 128 143 306 141 649 -6 957 -25 52 -61 116 -79 142 l-34 47 45 -20 c26 -10 76 -36 113 -56z m-2057 25 c-40 -58 -105 -190 -130 -263 -110 -324 -59 -707 132 -981 25 -35 42 -64 37 -64 -19 0 -241 119 -326 174 -188 122 -406 314 -532 468 l-58 71 108 103 c185 178 428 349 672 473 66 33 121 60 123 61 2 0 -10 -19 -26 -42z\"\/><path d=\"M2375 1950 c-198 -44 -350 -190 -395 -379 -18 -76 -8 -221 19 -290 114 -284 457 -406 731 -260 98 52 188 154 231 260 27 69 37 214 19 290 -38 163 -166 304 -326 360 -67 23 -215 33 -279 19z\"\/><\/g><\/svg><\/i> <img decoding=\"async\" width=\"16\" height=\"16\" alt=\"Loading\" src=\"http:\/\/ulopolis.pwr.edu.pl\/wp-content\/plugins\/page-views-count\/ajax-loader-2x.gif\" border=0 \/><\/p>\n<div class=\"pvc_clear\"><\/div>\n","protected":false},"author":2,"featured_media":0,"parent":0,"menu_order":0,"comment_status":"closed","ping_status":"closed","template":"elementor_canvas","meta":{"footnotes":""},"folder":[119,81],"class_list":["post-4550","page","type-page","status-publish","hentry"],"a3_pvc":{"activated":true,"total_views":157,"today_views":0},"_links":{"self":[{"href":"https:\/\/ulopolis.pwr.edu.pl\/index.php\/wp-json\/wp\/v2\/pages\/4550","targetHints":{"allow":["GET"]}}],"collection":[{"href":"https:\/\/ulopolis.pwr.edu.pl\/index.php\/wp-json\/wp\/v2\/pages"}],"about":[{"href":"https:\/\/ulopolis.pwr.edu.pl\/index.php\/wp-json\/wp\/v2\/types\/page"}],"author":[{"embeddable":true,"href":"https:\/\/ulopolis.pwr.edu.pl\/index.php\/wp-json\/wp\/v2\/users\/2"}],"replies":[{"embeddable":true,"href":"https:\/\/ulopolis.pwr.edu.pl\/index.php\/wp-json\/wp\/v2\/comments?post=4550"}],"version-history":[{"count":7,"href":"https:\/\/ulopolis.pwr.edu.pl\/index.php\/wp-json\/wp\/v2\/pages\/4550\/revisions"}],"predecessor-version":[{"id":6546,"href":"https:\/\/ulopolis.pwr.edu.pl\/index.php\/wp-json\/wp\/v2\/pages\/4550\/revisions\/6546"}],"wp:attachment":[{"href":"https:\/\/ulopolis.pwr.edu.pl\/index.php\/wp-json\/wp\/v2\/media?parent=4550"}],"wp:term":[{"taxonomy":"folder","embeddable":true,"href":"https:\/\/ulopolis.pwr.edu.pl\/index.php\/wp-json\/wp\/v2\/folder?post=4550"}],"curies":[{"name":"wp","href":"https:\/\/api.w.org\/{rel}","templated":true}]}}